{"id":898,"date":"2026-03-13T00:45:26","date_gmt":"2026-03-12T23:45:26","guid":{"rendered":"https:\/\/alternative-fontenay.fr\/?page_id=898"},"modified":"2026-03-13T09:48:54","modified_gmt":"2026-03-13T08:48:54","slug":"reunion-publique-du-10-mars-2026","status":"publish","type":"page","link":"https:\/\/alternative-fontenay.fr\/?page_id=898","title":{"rendered":"R\u00e9union publique du 10 mars 2026"},"content":{"rendered":"\n<div class=\"wp-block-columns is-layout-flex wp-container-core-columns-is-layout-28f84493 wp-block-columns-is-layout-flex\">\n<div class=\"wp-block-column is-layout-flow wp-block-column-is-layout-flow\">\n<div style=\"height:0px\" aria-hidden=\"true\" class=\"wp-block-spacer\"><\/div>\n<\/div>\n<\/div>\n\n\n\n<div class=\"wp-block-columns is-layout-flex wp-container-core-columns-is-layout-28f84493 wp-block-columns-is-layout-flex\">\n<div class=\"wp-block-column is-layout-flow wp-block-column-is-layout-flow\" style=\"flex-basis:33.33%\"><\/div>\n\n\n\n<div class=\"wp-block-column is-layout-flow wp-block-column-is-layout-flow\" style=\"flex-basis:66.66%\">\n<h3 class=\"wp-block-heading\">Merci pour votre participation<\/h3>\n\n\n\n<p>Merci \u00e0 toutes celles et ceux qui ont particip\u00e9 \u00e0 la r\u00e9union publique du 10 mars et qui ont pris le temps d\u2019\u00e9changer avec nous autour de notre projet pour Fontenay-les-Briis. Cette pr\u00e9sentation retrace les grandes orientations et les actions concr\u00e8tes que nous proposons pour les ann\u00e9es \u00e0 venir.<br><br>Si vous souhaitez en savoir plus, poser une question ou partager une id\u00e9e, n\u2019h\u00e9sitez pas \u00e0 nous contacter. Les \u00e9changes avec les habitants sont essentiels pour faire vivre ce projet collectif.<\/p>\n\n\n\n<div style=\"height:20px\" aria-hidden=\"true\" class=\"wp-block-spacer\"><\/div>\n\n\n\n<h5 class=\"wp-block-heading\"><a href=\"https:\/\/alternative-fontenay.fr\/wp-content\/uploads\/2026\/03\/AF-Reunion-publique-100326.pdf\" data-type=\"link\" data-id=\"https:\/\/alternative-fontenay.fr\/wp-content\/uploads\/2026\/03\/AF-Reunion-publique-100326.pdf\" target=\"_blank\" rel=\"noreferrer noopener\">> T\u00e9l\u00e9charger la pr\u00e9sentation<\/a><\/h5>\n<\/div>\n<\/div>\n\n\n\n<div style=\"height:35px\" aria-hidden=\"true\" class=\"wp-block-spacer\"><\/div>\n","protected":false},"excerpt":{"rendered":"<p>Merci pour votre participation Merci \u00e0 toutes celles et ceux qui ont particip\u00e9 \u00e0 la r\u00e9union publique du 10 mars et qui ont pris le temps d\u2019\u00e9changer avec nous autour de notre projet pour Fontenay-les-Briis. Cette pr\u00e9sentation retrace les grandes orientations et les actions concr\u00e8tes que nous proposons pour les ann\u00e9es \u00e0 venir. Si vous [&hellip;]<\/p>\n","protected":false},"author":2,"featured_media":0,"parent":0,"menu_order":0,"comment_status":"closed","ping_status":"closed","template":"","meta":{"footnotes":""},"class_list":["post-898","page","type-page","status-publish","hentry"],"_links":{"self":[{"href":"https:\/\/alternative-fontenay.fr\/index.php?rest_route=\/wp\/v2\/pages\/898","targetHints":{"allow":["GET"]}}],"collection":[{"href":"https:\/\/alternative-fontenay.fr\/index.php?rest_route=\/wp\/v2\/pages"}],"about":[{"href":"https:\/\/alternative-fontenay.fr\/index.php?rest_route=\/wp\/v2\/types\/page"}],"author":[{"embeddable":true,"href":"https:\/\/alternative-fontenay.fr\/index.php?rest_route=\/wp\/v2\/users\/2"}],"replies":[{"embeddable":true,"href":"https:\/\/alternative-fontenay.fr\/index.php?rest_route=%2Fwp%2Fv2%2Fcomments&post=898"}],"version-history":[{"count":3,"href":"https:\/\/alternative-fontenay.fr\/index.php?rest_route=\/wp\/v2\/pages\/898\/revisions"}],"predecessor-version":[{"id":906,"href":"https:\/\/alternative-fontenay.fr\/index.php?rest_route=\/wp\/v2\/pages\/898\/revisions\/906"}],"wp:attachment":[{"href":"https:\/\/alternative-fontenay.fr\/index.php?rest_route=%2Fwp%2Fv2%2Fmedia&parent=898"}],"curies":[{"name":"wp","href":"https:\/\/api.w.org\/{rel}","templated":true}]}}

Réunion publique du 10 mars 2026

<div class="wp-block-columns is-layout-flex wp-container-core-columns-is-layout-28f84493 wp-block-columns-is-layout-flex">
<div class="wp-block-column is-layout-flow wp-block-column-is-layout-flow">
<div style="height:0px" aria-hidden="true" class="wp-block-spacer"></div>
</div>
</div>



<div class="wp-block-columns is-layout-flex wp-container-core-columns-is-layout-28f84493 wp-block-columns-is-layout-flex">
<div class="wp-block-column is-layout-flow wp-block-column-is-layout-flow" style="flex-basis:33.33%"></div>



<div class="wp-block-column is-layout-flow wp-block-column-is-layout-flow" style="flex-basis:66.66%">
<h3 class="wp-block-heading">Merci pour votre participation</h3>



<p>Merci à toutes celles et ceux qui ont participé à la réunion publique du 10 mars et qui ont pris le temps d’échanger avec nous autour de notre projet pour Fontenay-les-Briis. Cette présentation retrace les grandes orientations et les actions concrètes que nous proposons pour les années à venir.<br><br>Si vous souhaitez en savoir plus, poser une question ou partager une idée, n’hésitez pas à nous contacter. Les échanges avec les habitants sont essentiels pour faire vivre ce projet collectif.</p>



<div style="height:20px" aria-hidden="true" class="wp-block-spacer"></div>



<h5 class="wp-block-heading"><a href="https://alternative-fontenay.fr/wp-content/uploads/2026/03/AF-Reunion-publique-100326.pdf" data-type="link" data-id="https://alternative-fontenay.fr/wp-content/uploads/2026/03/AF-Reunion-publique-100326.pdf" target="_blank" rel="noreferrer noopener">> Télécharger la présentation</a></h5>
</div>
</div>



<div style="height:35px" aria-hidden="true" class="wp-block-spacer"></div>

<p>Merci pour votre participation Merci à toutes celles et ceux qui ont participé à la réunion publique du 10 mars et qui ont pris le temps d’échanger avec nous autour de notre projet pour Fontenay-les-Briis. Cette présentation retrace les grandes orientations et les actions concrètes que nous proposons pour les années à venir. Si vous [&hellip;]</p>
